nder when l is divided by 460.
0
Let y(w) = 66*w - 348. Let g be y(6). Calculate the remainder when (292/1)/(g/36) + 1 is divided by 8.
4
Suppose -10*v + 111 + 79 = 0. Suppose 817 + 342 = v*n. What is the remainder when n is divided by 18?
7
Suppose 362 = 5*c - 3*y, -5*c - 155*y + 156*y = -354. What is the remainder when 686 is divided by c?
56
Let s = 30 + -22. Suppose -2*u - s = -4*u. Suppose 2*g = 0, -2*q - u*g = 2*q - 372. Calculate the remainder when q is divided by 24.
21
Let x(d) = 6*d - 8. Let a be x(-4). Let l be 78*(-1)/4*2. Let f = a - l. What is the remainder when 27 is divided by f?
6
Suppose -97*r = 14583 - 129625. What is the remainder when r is divided by 571?
44
Calculate the remainder when (-5)/15 + 1 + 8327/33 is divided by 84.
1
Let s(a) = -2*a + 28. Let c be s(12). Suppose -3*m + c*g + 19 - 113 = 0, -2*m + 5*g = 51. Let b = m + 79. Calculate the remainder when b is divided by 7.
6
Let u = -1126 + 1394. What is the remainder when u is divided by 34?
30
Suppose 4*s + 2*m = 6, 2*s - m - 9 = s. Let o = 154 + -150. Suppose d = o*u - 153, 0*u + 151 = s*u + d. What is the remainder when u is divided by 13?
12
Suppose 0 = 3*z + 37 + 26. Let v be ((-4)/(-4))/((-3)/z) + -1. Let j(w) = 19*w - 70. What is the remainder when 261 is divided by j(v)?
41
Let r = -9726 + 9756. Let m(t) = 5*t - 8. Let a be m(8). Suppose -3*q = -a - 25. What is the remainder when r is divided by q?
11
Suppose 5*b + 4*h - 3450 = -269, 3*b - 3*h - 1914 = 0. Calculate the remainder when 648 is divided by b.
11
Let v(d) be the third derivative of d**5/60 - 3*d**4/4 - 14*d**2. Let j be v(9). What is the remainder when 79 is divided by j/2*4/(-6)?
25
Let s = -1632 - -1701. Suppose 0 = -d - 4*w + 21, -5*d + 0*w + w + 21 = 0. Calculate the remainder when s is divided by d.
4
Calculate the remainder when 99 is divided by 247/3 + 552/72 + -8.
17
Let u(l) = -l**2 + 28*l - 30. Let a be u(25). Let y = -35 + a. Suppose y*s - 14*s = -612. Calculate the remainder when s is divided by 26.
23
Calculate the remainder when (2 + 31/((-155)/495))/(1/(-9)) is divided by 147.
138
Suppose -11*a + 2214 = 399. What is the remainder when a is divided by ((-114)/171)/(4/(-168))?
25
Suppose 37 = 4*d - 3*c, -52*d + 2*c = -57*d + 52. What is the remainder when 12 is divided by d?
2
Let z = -1121 - -1216. What is the remainder when 369 is divided by z?
84
Let w(f) = f + 1. Let s be w(3). Suppose -68 - 216 = -s*j. What is the remainder when j is divided by 37?
34
Let i(o) = -2*o**2 - 12*o + 34. Let y be i(3). Calculate the remainder when 104 is divided by (-3)/4*(y - 4).
14
Suppose -2*b + 0 = -2, 5*k = -5*b + 1600. Let z = k - 311. Suppose -3*s = 3*x - 101 - 31, -4*s = 3*x - 137. Calculate the remainder when x is divided by z.
7
Suppose 20*u + 0*u - 120 = 0. Let j(h) = 2*h**2 + 7*h - 3. Calculate the remainder when j(5) is divided by u.
4
Let g(q) = 6*q**2 - 3*q. Suppose 5*z = -24*z + 638. Calculate the remainder when g(-3) is divided by z.
19
Let q = -38 + 42. Suppose 0*u = 3*u + q*y - 64, u + 3*y = 13. What is the remainder when 52 is divided by u?
24
Calculate the remainder when ((-3775)/125)/((-13)/325) is divided by 392.
363
Let k(h) = -h**3 - 4*h**2 - 14*h + 24. Let v be k(-6). Suppose 0 = -37*u + 25*u + v. Suppose -84 = 3*i - 6*i. Calculate the remainder when i is divided by u.
13
Suppose 44 - 66 = -2*z. Calculate the remainder when z is divided by 7.
4
Suppose -3*b = -28 - 83. Suppose 33*d - 18*d = 2460. Let i = -154 + d. What is the remainder when b is divided by i?
7
Let i(x) = -x**2 + 17*x - 55. Let a be i(8). Suppose 5*f + 154 = 4*z, -4*z - 13*f + a*f + 156 = 0. What is the remainder when 240 is divided by z?
35
Suppose 33*j = 32*j - 11. Let b = j + 64. What is the remainder when b is divided by 4?
1
Let j = 115 - 108. Let q(o) = o**3 - 7*o**2 + 13*o - 5. Calculate the remainder when q(j) is divided by 29.
28
Let y(p) = -5409*p**3 + 5408*p**3 + p + 18*p - 21*p**2 - 31. What is the remainder when 2*-34*(-3)/2 is divided by y(-22)?
32
Let z(p) = -18*p - 55. Let o(h) = 4*h**3 - 17*h + 47. Calculate the remainder when o(3) is divided by z(-5).
34
Let p = 473 - 254. Suppose -5*v + p - 144 = 0. What is the remainder when 56 is divided by v?
11
Suppose 51647 = 32*m - 53153. Calculate the remainder when m is divided by 26.
25
Let q = 1439 - 623. Suppose 13*l - q = -205. What is the remainder when l is divided by 8?
7
Let u(t) = 2*t**2 + 154*t - 1316. What is the remainder when u(-85) is divided by 4?
0
Suppose 0 = -6*u + 4*r + 612, 5*r + 86 + 301 = 4*u. Calculate the remainder when 1007 is divided by u.
35
Let k = 42 + -37. Let z be k/(-10) + 3/(-2). Calculate the remainder when 6/4*z*(-1)/1 is divided by 1.
0
Let x(f) = -84*f**2 + 18396*f + 39. Suppose 210 = 5*m - 2*m - 3*p, -4*m + 271 = 5*p. What is the remainder when m is divided by x(219)?
30
Suppose 4*p - 123 = 3*i + 14, -5*p + 180 = -2*i. Let x = -197 + 254. Calculate the remainder when x is divided by p.
19
Let b(q) = q**3 + 6*q**2 - q + 7. Let o(v) = -v**2 + 24*v + 153. What is the remainder when o(27) is divided by b(-5)?
35
Let j be (-7 + 5)/((-2)/33). Suppose -b + 16 = -3*z, -6*b - 2*z = -10*b + 44. What is the remainder when b is divided by ((-22)/j)/(4/(-42))?
3
Let b = -18327 - -18425. Calculate the remainder when 197 is divided by b.
1
Let x(w) = 128*w - 1816. Calculate the remainder when x(19) is divided by 127.
108
Suppose 0*z - 2*z = -m + 61, 0 = -4*z + 12. Suppose -19*i + 80 = -21*i. Let r = -6 - i. What is the remainder when m is divided by r?
33
Let j be 3 - (35*-1 + -2). Suppose 0*t = 5*t - j. Let i(v) = 9*v + 12. Calculate the remainder when i(2) is divided by t.
6
Suppose -28 = x - 169. Let z(o) = 2*o - 38. Let c be z(19). Suppose c = -5*r + 4*h - 5*h + 91, 4*r = -h + 73. What is the remainder when x is divided by r?
15
Let s be (-865)/(-5)*(24/(-4))/(-6). Suppose -177*a + 172 = -s*a. Calculate the remainder when 83 is divided by a.
40
Suppose -j + s + 10 = -6, 33 = 2*j - 3*s. What is the remainder when (4 - (-8)/4)/((-86)/(-2021)) is divided by j?
6
Suppose 0 = -5*s - 2*n + 3206 - 465, 0 = -4*n - 8. Calculate the remainder when s is divided by 10.
9
Let f(z) = -z**2 - 79*z + 0*z**2 + 10 + 89*z. Calculate the remainder when f(6) is divided by 12.
10
Let o = -580 - -600. What is the remainder when 75 is divided by o?
15
Suppose 6*d + 1044 = 4*a + 10*d, 3*a - 5*d = 751. Suppose 14*q - 303 = a. Calculate the remainder when q is divided by 30.
10
Calculate the remainder when 978 is divided by (18/(-33))/((-111)/10582).
42
Let f = 207 + -204. Suppose 5*u - 36 = -1. What is the remainder when u is divided by -3 - -4 - f*(-16)/12?
2
Suppose 0 = 2*a - 0*a - 34. Suppose 14 = -2*t, 0 = q + 2000*t - 2003*t - 60. Calculate the remainder when q is divided by a.
5
Suppose 3*l - 1587 = -3*l - 837. What is the remainder when 247 is divided by l?
122
Suppose 7*d + 155 = -566. Let t = d - -175. Calculate the remainder when t is divided by 15.
12
Let b(o) be the first derivative of -3/2*o**2 + 6 - 7/3*o**3 - 1/4*o**4 - 15*o. Calculate the remainder when b(-9) is divided by 44.
42
Let j = 298 - 201. Let a(m) = -m**3 + 5*m**2 + m + 9. What is the remainder when j is divided by a(4)?
10
Let v(i) = 308*i + 6 - i**2 - 624*i + 312*i. Let n be v(-5). Calculate the remainder when n - (((-8)/(-2) - 3) + -71) is divided by 36.
35
Let s(l) = -5*l + 3. Let k be s(-7). Suppose -3*m = -2*i - k, -5 = -m - 4*i + 3. What is the remainder when 20 is divided by m?
8
Suppose -2*g - 596 = -m, 8*m - 2*g = 13*m - 2968. What is the remainder when 1789 is divided by m?
7
Let n(y) = y**2 - 5*y + 18. What is the remainder when 8/((-24)/(-189)) - 6/(-2) is divided by n(5)?
12
Suppose 8*a = 3*a + 125. Suppose -2*x - 84*l + 494 = -80*l, 0 = -3*x + 3*l + 741. What is the remainder when x is divided by a?
22
Let v(f) = -57*f**3 + f**2 + f. Suppose -5*y - m + 540 = 0, -2*y - 6*m = -5*y + 291. What is the remainder when y is divided by v(-1)?
50
Let i(j) = -j**3 - 41*j**2 - 152*j - 71. Calculate the remainder when 765 is divided by i(-37).
72
Let w(l) = -l**3 - 71*l**2 + 140*l + 108. What is the remainder when w(-73) is divided by 320?
226
Suppose 15*v + 6561 = 6*v. Calculate the remainder when ((-121)/(-4))/(-10 + v/(-72)) is divided by 27.
26
Suppose -3*s + 7